{"id":110,"date":"2026-01-07T19:00:52","date_gmt":"2026-01-07T18:00:52","guid":{"rendered":"http:\/\/fidestecnologias.com.ve\/?page_id=110"},"modified":"2026-01-09T15:19:15","modified_gmt":"2026-01-09T14:19:15","slug":"fides-tecnologias","status":"publish","type":"page","link":"https:\/\/fidestecnologias.com.ve\/","title":{"rendered":"Fides Tecnologias"},"content":{"rendered":"<div id=\"pl-gb110-69f1f510469aa\"  class=\"panel-layout\" ><div id=\"pg-gb110-69f1f510469aa-0\"  class=\"panel-grid panel-no-style\" ><div id=\"pgc-gb110-69f1f510469aa-0-0\"  class=\"panel-grid-cell\" ><div id=\"panel-gb110-69f1f510469aa-0-0-0\" class=\"so-panel widget widget_sow-editor panel-first-child\" data-index=\"0\" ><div\n\t\t\t\n\t\t\tclass=\"so-widget-sow-editor so-widget-sow-editor-base\"\n\t\t\t\n\t\t>\n<div class=\"siteorigin-widget-tinymce textwidget\">\n\t<p><span style=\"color: #000000;\"><span style=\"color: #000080;\"><strong><font SIZE=5>Fides Tecnolog\u00edas, C.A<\/font><\/strong><\/span> <font SIZE=5>somos una empresa Venezolana encargada de suministrar servicios de<span style=\"color: #0000ff;\"> <a style=\"color: #0000ff;\" href=\"http:\/\/fidestecnologias.com.ve\/control-de-solidos\/\">Control de S\u00f3lidos<\/a><\/span>,<span style=\"color: #0000ff;\"> <a style=\"color: #0000ff;\" href=\"http:\/\/fidestecnologias.com.ve\/alquiler-moviles-soldadura\/\">Alquiler de M\u00f3viles de Soldadura<\/a><\/span> y <span style=\"color: #0000ff;\"><a style=\"color: #0000ff;\" href=\"http:\/\/fidestecnologias.com.ve\/alquiler-brazo-hidraulico\/\">Alquiler de Brazo Hidr\u00e1ulico<\/a><\/span>; para la Industria de Petr\u00f3leo y Gas.<\/font><\/span><\/p>\n<p><span style=\"color: #000000;\"><font SIZE=5>Ofreciendo nuestros servicios de alta calidad siendo reconocidos por excelencia<\/font><\/span><\/p>\n<\/div>\n<\/div><\/div><div id=\"panel-gb110-69f1f510469aa-0-0-1\" class=\"so-panel widget widget_sow-editor panel-last-child\" data-index=\"1\" ><div\n\t\t\t\n\t\t\tclass=\"so-widget-sow-editor so-widget-sow-editor-base\"\n\t\t\t\n\t\t>\n<div class=\"siteorigin-widget-tinymce textwidget\">\n\t<h2 style=\"text-align: center;\"><span style=\"color: #000080;\"><strong>Nuestra Ubicaci\u00f3n<\/strong><\/span><\/h2>\n<\/div>\n<\/div><\/div><\/div><\/div><\/div>","protected":false},"excerpt":{"rendered":"<p>Fides Tecnolog\u00edas, C.A somos una empresa Venezolana encargada de suministrar servicios de Control de S\u00f3lidos, Alquiler de M\u00f3viles de Soldadura y Alquiler de Brazo Hidr\u00e1ulico; para la Industria de Petr\u00f3leo y Gas. Ofreciendo nuestros servicios de alta calidad siendo reconocidos por excelencia Nuestra Ubicaci\u00f3n<\/p>\n","protected":false},"author":1,"featured_media":0,"parent":0,"menu_order":0,"comment_status":"closed","ping_status":"closed","template":"","meta":{"footnotes":""},"class_list":["post-110","page","type-page","status-publish","hentry"],"_links":{"self":[{"href":"https:\/\/fidestecnologias.com.ve\/index.php\/wp-json\/wp\/v2\/pages\/110","targetHints":{"allow":["GET"]}}],"collection":[{"href":"https:\/\/fidestecnologias.com.ve\/index.php\/wp-json\/wp\/v2\/pages"}],"about":[{"href":"https:\/\/fidestecnologias.com.ve\/index.php\/wp-json\/wp\/v2\/types\/page"}],"author":[{"embeddable":true,"href":"https:\/\/fidestecnologias.com.ve\/index.php\/wp-json\/wp\/v2\/users\/1"}],"replies":[{"embeddable":true,"href":"https:\/\/fidestecnologias.com.ve\/index.php\/wp-json\/wp\/v2\/comments?post=110"}],"version-history":[{"count":11,"href":"https:\/\/fidestecnologias.com.ve\/index.php\/wp-json\/wp\/v2\/pages\/110\/revisions"}],"predecessor-version":[{"id":217,"href":"https:\/\/fidestecnologias.com.ve\/index.php\/wp-json\/wp\/v2\/pages\/110\/revisions\/217"}],"wp:attachment":[{"href":"https:\/\/fidestecnologias.com.ve\/index.php\/wp-json\/wp\/v2\/media?parent=110"}],"curies":[{"name":"wp","href":"https:\/\/api.w.org\/{rel}","templated":true}]}}